he units digit of d?
9
Let k(h) = 5*h + 8. Let t be k(5). Let a(y) = 2*y**2 - 15*y - 17. Let c be a(8). Let s = t + c. What is the units digit of s?
4
Suppose -2*x - 3685 + 221 = 0. Let v = -777 - x. What is the units digit of v?
5
Let q(v) = 112*v + 30. Let g be q(3). Let a = g + -239. What is the units digit of a?
7
Suppose 0 = 4*r - 709 - 2179. Suppose -576 - r = -11*p. Let g = 186 - p. What is the units digit of g?
8
Let u(t) = 23*t - 6. Let h(b) be the third derivative of -11*b**4/12 + b**3 - 19*b**2. Let f(c) = 3*h(c) + 2*u(c). What is the units digit of f(-1)?
6
Suppose 2*f - 2*z = 4796, 101 = -4*f + z + 9714. What is the hundreds digit of f?
4
Suppose 44*i - 414281 = -19997. What is the hundreds digit of i?
9
Let d(c) = 12*c + 178. Let n be d(-14). Let l(r) = 19*r**2 - 31*r + 39. What is the units digit of l(n)?
9
Suppose 6*k - 29304 = 3*l, -3*l = 4*k + l - 19548. What is the units digit of k?
5
Let s be -6*(-314)/6*36/8. Suppose -2372 = -5*m + s. What is the hundreds digit of m?
7
Let c = -55 - -68. Suppose -2*q - c*q = -1200. What is the tens digit of q?
8
Suppose 0 = -5*m - g - 51, 5*m - 5*g + 30 = -15. Let f be (29/(-5) + 5)/((-4)/m). What is the hundreds digit of 2/f - (14 + -150)?
1
Let u = -594 - -599. Suppose -3*d = -9, -u*z + 2490 = 25*d - 30*d. What is the tens digit of z?
0
What is the thousands digit of (11 - 25) + -2 - -15992?
5
Let d = -50 - -63. Suppose -d*u + 9214 = 4*u. What is the tens digit of u?
4
Suppose -3*d + 6*h = 7*h + 3107, 4148 = -4*d + 4*h. Let j = d + 1771. What is the units digit of j?
5
Suppose 4*i + 50964 - 4450 = 3*h, -h = 2*i - 15488. What is the hundreds digit of h?
4
Let v(c) = 11*c**2 + 37*c + 3108. What is the ten thousands digit of v(-47)?
2
Let p(z) = -26*z**3 - 2*z**2 - 63*z - 418. What is the tens digit of p(-9)?
4
Suppose -4*z + 2*z - 1347 = k, 5388 = -4*k + 5*z. Let q = k + 2672. What is the tens digit of q?
2
Suppose 5*r + 5*h = 27745, -h = -4*r - 4941 + 27162. What is the thousands digit of r?
5
Suppose 4*g + 51360 = -g. Let x be (1/(-2)*1)/((-2)/g). What is the hundreds digit of (-3)/(-4)*-2*x/18?
2
Let g = 2128 + -1046. Let w = -643 + g. What is the hundreds digit of w?
4
Suppose 5*v = -2*d + 136116 + 36142, -4*v - d = -137804. What is the tens digit of v?
5
Let z = 7642 + 661. What is the thousands digit of z?
8
Suppose n + 0*n - 3*g + 4 = 0, -20 = 3*n - g. Let f(p) = p**3 + 9*p**2 + 3*p + 4. Let z be f(n). Let u = -48 + z. What is the tens digit of u?
3
Let o(n) = 49*n**2 + 144*n - 53. What is the units digit of o(-12)?
5
Let g(u) = 88*u + 6164. Let n be g(-70). Let z = 8 - 3. Suppose -3*o - n*a + 42 = 0, 2*o - 21 = -0*o - z*a. What is the tens digit of o?
1
Let y = 284 + 5356. What is the thousands digit of y?
5
Let r(x) = 69*x + 57. Let f be r(5). Suppose 0 = -5*j - 2*h + f, 5*j = 2*h + 568 - 150. What is the units digit of j?
2
Suppose 4*c = 4*y - 26072, -77*y = -73*y + 5*c - 26009. What is the hundreds digit of y?
5
Let f(c) = 4*c**2 + 73*c + 4. Let y be f(14). What is the units digit of 3/(y/(-2742) + 18/27)?
7
Let f = 798 + 77. Suppose 0 = -41*s + 46*s - f. What is the tens digit of s?
7
What is the tens digit of 8/12 + 49/21 - -8811?
1
What is the units digit of (1500/(-14))/(2019/(-252) + 8)?
0
Let f be 2 + -6 + (-1 - 6/(-3)). What is the units digit of -1 + 15/f - -601?
5
Let n = 14 + -21. What is the units digit of ((-22)/(-3))/(n/378*-3)?
2
Suppose -5*w = -101 + 31. Suppose -64 + w = -10*m. Suppose o - s = 86, 4*o - m*o - 3*s + 82 = 0. What is the units digit of o?
5
Let c(r) = 2*r**2 + 4*r + 3. Let b be c(-2). Suppose 0 = b*v + 12 - 3, -v - 13 = 2*p. What is the tens digit of (3 + p)/(4/(-358))?
7
Suppose -t - 4*u = -98, 3*u - 3 + 0 = 0. Suppose 3*l - 389 - t = 0. Let r = -57 + l. What is the units digit of r?
4
Suppose -29*x + 22560 = -17*x. What is the units digit of (-40)/(-100)*1*x?
2
Suppose -4*t + 2*c - 1254 = -0*t, 4*t = -c - 1263. Let d = -15 - t. What is the hundreds digit of d?
3
Let w(f) = 461*f**3 + 3*f**2 - 15*f - 7. What is the tens digit of w(5)?
1
Suppose 13*q = 17*q. Suppose -100 = -3*j + 4*i, 3*j + q*j - i = 115. What is the units digit of j?
0
Suppose -20678 = -21*v - 2366. What is the units digit of ((-21)/(14 - 7))/((-3)/v)?
2
Suppose 0 = 4*q - 158889 - 196951 + 16892. What is the ten thousands digit of q?
8
Suppose i - 2*q - 79674 = -21446, 3*i = 3*q + 174660. What is the ten thousands digit of i?
5
Suppose 1062*r + 34184 = 1070*r. What is the tens digit of r?
7
Let b(q) = 11*q - 150. Suppose 2*y - 88 = -5*l, 133 = 2*y + 2*l + 45. What is the tens digit of b(y)?
3
Let q(l) = -4143*l + 1538. What is the tens digit of q(-11)?
1
What is the thousands digit of (2705/5)/(1/3)?
1
What is the units digit of ((-8968)/380)/((-2)/20)?
6
Suppose -11*d + 15*d + 509165 = 17*k, k = -5*d + 29909. What is the units digit of k?
9
Let a(k) be the third derivative of k**2 - 25 + 0*k - 41/24*k**4 + 65/6*k**3. What is the tens digit of a(-6)?
1
Suppose 18*t - 23*t + 50 = 0. Let g = 26 - t. Suppose -579 = -g*k + 733. What is the tens digit of k?
8
Suppose 218*k = 227*k - 12600. Let l = k + -990. What is the tens digit of l?
1
Let v = -223 - -3. Let a = v - -328. What is the hundreds digit of a?
1
Let q(i) be the first derivative of 3*i**2 + 49*i + 58. What is the tens digit of q(7)?
9
Let b = -11 + -14. What is the tens digit of 3/((-65)/b - 2) - -501?
0
Let c(b) = -332*b + 376. What is the hundreds digit of c(-35)?
9
Suppose 0 = 5*k + 4*y - 118 - 65, 0 = 5*k + y - 192. Suppose -4*n = 3*m - k, -m + 5*n + 0 = 6. What is the units digit of m?
9
Let c = 529 + 91. Let a be (6/4)/(10/c). What is the units digit of (a/31)/((-1)/(-31))?
3
Suppose i + 3*i = 204. Let x = i + 60. What is the tens digit of x?
1
Suppose 0 = 12*z - 5089 + 3181. What is the tens digit of z?
5
Let y be -6*(-1883)/(-14) - 5. Let x = 242 - y. What is the thousands digit of x?
1
Suppose 6*i - 6850 = -2*x + 4*i, 2*x - 5*i = 6864. What is the hundreds digit of x?
4
Suppose 106*v = 5*w + 107*v - 33068, 5*v - 15 = 0. What is the units digit of w?
3
Suppose -11886 = 10*l - 53576. What is the hundreds digit of l?
1
Let r = 24629 - 5861. What is the tens digit of r?
6
Let m(o) = 2*o**3 - 2*o**3 - 4*o - 5*o + o**3. Suppose r - 9 = -4*b, 0 = -6*r + r - b + 26. What is the units digit of m(r)?
0
Suppose 4*w + 32872 + 15216 = 0. What is the thousands digit of 8/36 - w/9?
1
Let l(h) = 16*h**2 - 24*h - 236. What is the tens digit of l(24)?
0
Let m be ((-1 - -1)/8)/(-3). Suppose 72*k - 70*k - 824 = m. What is the units digit of k?
2
Let v = 30 + -18. Suppose n + 3*u = -2*n - 9, n + 4*u + v = 0. Let r(s) = -s + 60. What is the units digit of r(n)?
0
Let t be (30/6)/(5/35). Let g be (-5 - t/(-5))/2. What is the units digit of ((-4)/6)/(g/(-873)*3)?
4
Suppose 0 = c + 3*g - 15, 6*c = 4*c - 4*g + 20. Suppose 5*o + 30 = 5*y + 40, -5*y - 2 = -4*o. Suppose c = o*x - 1112 + 144. What is the hundreds digit of x?
1
Suppose -5*l = 3*z + 7, -2*z + 1 = l + 8. Let n(a) = a**3 + 8*a**2 - a - 2. What is the tens digit of n(z)?
6
Let c = 44786 - 22960. What is the tens digit of c?
2
Suppose -7 = 2*v + 11. Let m be 50 - (-7)/(21/v). What is the tens digit of (-4)/(186/m - 4)?
9
Let f(k) = k**3 - 2*k**2 - k - 3. Let o be f(3). Suppose -17 = -o*b + 13. Suppose 17*n - b*n = 1085. What is the units digit of n?
5
What is the hundreds digit of (-8935*26)/(-5) + 14 + -16?
4
Suppose 0 = 72*d + 15*d - 2*d - 3288480. What is the hundreds digit of d?
6
Let o be ((-3506)/4)/((-17)/34). Suppose -3*v = 3*h - 1041, -h - v - o = -6*h. What is the units digit of h?
0
Let c be 26 - (2/1 - (-6 + 6)). Suppose -c*b + 22*b = -108. What is the tens digit of b?
5
Let l(a) = 5*a - 9. Let o be l(-4). Let d = 28 + o. What is the tens digit of (-18 + -11)*2/d?
5
Suppose -69*p - 2628215 = -166*p. What is the tens digit of p?
9
Suppose 53*n - 63256 - 179035 - 5908 = 0. What is the tens digit of n?
8
Let a = -16 + 16. Suppose a = 18*w - 694 - 4400. What is the units digit of w?
3
Suppose -47*z = 57*z - 40*z - 481600. What is the tens digit of z?
2
Let y(x) = -x**3 - 28*x**2 - 34*x - 14. Let i be y(-26). Let z = i + 907. What is the hundreds digit of z?
4
Suppose -2*d - 5*u = -61 - 23, -3*u = -6*d + 216. Suppose d = 3*n + 34, y - 124 = 5*n. What is the tens digit of y